{"id":89,"date":"2013-05-22T15:52:02","date_gmt":"2013-05-22T13:52:02","guid":{"rendered":"http:\/\/www.wp1165794.server-he.de\/wordpress\/?page_id=89"},"modified":"2024-01-08T13:11:57","modified_gmt":"2024-01-08T11:11:57","slug":"willkommen","status":"publish","type":"page","link":"https:\/\/jpgit.de\/","title":{"rendered":"Herzlich Willkommen auf meiner Webseite."},"content":{"rendered":"\n<p><\/p>\n\n\n\n<p>Gerne stelle ich Dir hier meinen <a href=\"http:\/\/jpgit.de\/?page_id=45\">Gitarrenunterricht<\/a> (elektrisch und akustisch) vor. Aber auch der professionelle Musiker, Jens P\u00f6rschmann m\u00f6chte mit dieser Webseite Dein Interesse f\u00fcr seine Musik wecken.<\/p>\n\n\n\n<p>Ob als Einsteiger oder Fortgeschrittener, mit maximalem Enthusiasmus und guter Laune ist es mein erkl\u00e4rtes Ziel Dir den Spass am Instrument und dem Musikmachen n\u00e4her zubringen. Auf diesem Weg, dass Deine Gitarre und Deine Musik nicht nur Dich, sondern vielleicht auch andere zum L\u00e4cheln bringt, freue ich mich, Dich begleiten zu d\u00fcrfen.<\/p>\n\n\n\n<p>Mein Gitarrenunterricht orientiert sich immer an Deinem musikalischen Geschmack und Deinen individuellen Zielen.&nbsp;<\/p>\n\n\n\n<p>Ich biete&nbsp;<\/p>\n\n\n\n<p>\u2022 Unterricht f\u00fcr Einsteiger und Fortgeschrittene jeden Alters<br>\u2022 viel Freude und Geduld am Vermitteln der Inhalte\u00a0<br>\u2022 die Garantie gemeinsam Dein Lernziel im Fokus zu behalten<br>\u2022 fast 40 Jahre Erfahrung am Instrument (Workshops und Masterclasses bei<br>  Frank Gambale, John Petrucci, Don Ross, Torsten de Winkel, Marcus Deml)<br>\u2022 20 Jahre Erfahrung im Unterrichten (Privat, Musikschulen, Dozent f\u00fcr VHS,<br>  Internationaler Bund, soziale Projekte)<br>\u2022 Unterricht in Pr\u00e4senz &amp; Online\u00a0\u00a0<br>\u2022 auf Anfrage auch Hausbesuche (im Raum Saarbr\u00fccken)<\/p>\n\n\n\n<p>Kontakt<br>Jens P\u00f6rschmann<br>Jenneweg 113<br>66113 Saarbr\u00fccken<br>Tel: 0681 9400025<br>Mobil: 01522 6762303<br>kontakt@jpgit.de<\/p>\n\n\n\n<p><strong><em>&#8222;Gitarre ist Gitarre ist Gitarre&#8230;&#8220;<\/em><\/strong><\/p>\n\n\n\n<figure class=\"wp-block-embed is-type-video is-provider-youtube wp-block-embed-youtube wp-embed-aspect-4-3 wp-has-aspect-ratio\"><div class=\"wp-block-embed__wrapper\">\n<iframe loading=\"lazy\" title=\"Jens P\u00f6rschmann &quot;Gitarre ist Gitarre ist Gitarre ...&quot;\" width=\"584\" height=\"438\" src=\"https:\/\/www.youtube.com\/embed\/Cc_Ha36RiP0?start=319&#038;feature=oembed\" frameborder=\"0\" allow=\"accelerometer; autoplay; clipboard-write; encrypted-media; gyroscope; picture-in-picture; web-share\" referrerpolicy=\"strict-origin-when-cross-origin\" allowfullscreen><\/iframe>\n<\/div><\/figure>\n","protected":false},"excerpt":{"rendered":"<p>Gerne stelle ich Dir hier meinen Gitarrenunterricht (elektrisch und akustisch) vor. Aber auch der professionelle Musiker, Jens P\u00f6rschmann m\u00f6chte mit dieser Webseite Dein Interesse f\u00fcr seine Musik wecken. Ob als Einsteiger oder Fortgeschrittener, mit maximalem Enthusiasmus und guter Laune ist &hellip; <a href=\"https:\/\/jpgit.de\/\">Weiterlesen <span class=\"meta-nav\">&rarr;<\/span><\/a><\/p>\n","protected":false},"author":1,"featured_media":796,"parent":0,"menu_order":0,"comment_status":"closed","ping_status":"open","template":"sidebar-page.php","meta":{"footnotes":""},"class_list":["post-89","page","type-page","status-publish","has-post-thumbnail","hentry"],"_links":{"self":[{"href":"https:\/\/jpgit.de\/index.php?rest_route=\/wp\/v2\/pages\/89","targetHints":{"allow":["GET"]}}],"collection":[{"href":"https:\/\/jpgit.de\/index.php?rest_route=\/wp\/v2\/pages"}],"about":[{"href":"https:\/\/jpgit.de\/index.php?rest_route=\/wp\/v2\/types\/page"}],"author":[{"embeddable":true,"href":"https:\/\/jpgit.de\/index.php?rest_route=\/wp\/v2\/users\/1"}],"replies":[{"embeddable":true,"href":"https:\/\/jpgit.de\/index.php?rest_route=%2Fwp%2Fv2%2Fcomments&post=89"}],"version-history":[{"count":31,"href":"https:\/\/jpgit.de\/index.php?rest_route=\/wp\/v2\/pages\/89\/revisions"}],"predecessor-version":[{"id":798,"href":"https:\/\/jpgit.de\/index.php?rest_route=\/wp\/v2\/pages\/89\/revisions\/798"}],"wp:featuredmedia":[{"embeddable":true,"href":"https:\/\/jpgit.de\/index.php?rest_route=\/wp\/v2\/media\/796"}],"wp:attachment":[{"href":"https:\/\/jpgit.de\/index.php?rest_route=%2Fwp%2Fv2%2Fmedia&parent=89"}],"curies":[{"name":"wp","href":"https:\/\/api.w.org\/{rel}","templated":true}]}}